{"id":197,"date":"2023-12-13T22:31:15","date_gmt":"2023-12-13T21:31:15","guid":{"rendered":"https:\/\/rapidpuigcerda.com\/?page_id=197"},"modified":"2023-12-13T22:56:49","modified_gmt":"2023-12-13T21:56:49","slug":"quienes-somos","status":"publish","type":"page","link":"https:\/\/rapidpuigcerda.com\/ca\/quienes-somos\/","title":{"rendered":"Qui Som"},"content":{"rendered":"<div data-elementor-type=\"wp-page\" data-elementor-id=\"197\" class=\"elementor elementor-197\" data-elementor-post-type=\"page\">\n\t\t\t\t\t\t\t\t\t<section class=\"elementor-section elementor-top-section elementor-element elementor-element-fc1d61a elementor-section-boxed elementor-section-height-default elementor-section-height-default\" data-id=\"fc1d61a\" data-element_type=\"section\">\n\t\t\t\t\t\t<div class=\"elementor-container elementor-column-gap-default\">\n\t\t\t\t\t<div class=\"elementor-column elementor-col-100 elementor-top-column elementor-element elementor-element-6289fc0\" data-id=\"6289fc0\" data-element_type=\"column\">\n\t\t\t<div class=\"elementor-widget-wrap elementor-element-populated\">\n\t\t\t\t\t\t\t\t<div class=\"elementor-element elementor-element-1882fb2 elementor-widget elementor-widget-heading\" data-id=\"1882fb2\" data-element_type=\"widget\" data-widget_type=\"heading.default\">\n\t\t\t\t<div class=\"elementor-widget-container\">\n\t\t\t<style>\/*! elementor - v3.18.0 - 20-12-2023 *\/\n.elementor-heading-title{padding:0;margin:0;line-height:1}.elementor-widget-heading .elementor-heading-title[class*=elementor-size-]>a{color:inherit;font-size:inherit;line-height:inherit}.elementor-widget-heading .elementor-heading-title.elementor-size-small{font-size:15px}.elementor-widget-heading .elementor-heading-title.elementor-size-medium{font-size:19px}.elementor-widget-heading .elementor-heading-title.elementor-size-large{font-size:29px}.elementor-widget-heading .elementor-heading-title.elementor-size-xl{font-size:39px}.elementor-widget-heading .elementor-heading-title.elementor-size-xxl{font-size:59px}<\/style><h2 class=\"elementor-heading-title elementor-size-default\">QUI SOM?\n<\/h2>\t\t<\/div>\n\t\t\t\t<\/div>\n\t\t\t\t<section class=\"elementor-section elementor-inner-section elementor-element elementor-element-6794d3e elementor-section-boxed elementor-section-height-default elementor-section-height-default\" data-id=\"6794d3e\" data-element_type=\"section\">\n\t\t\t\t\t\t<div class=\"elementor-container elementor-column-gap-default\">\n\t\t\t\t\t<div class=\"elementor-column elementor-col-50 elementor-inner-column elementor-element elementor-element-6fef2ef\" data-id=\"6fef2ef\" data-element_type=\"column\">\n\t\t\t<div class=\"elementor-widget-wrap elementor-element-populated\">\n\t\t\t\t\t\t\t\t<div class=\"elementor-element elementor-element-b52deaf elementor-widget elementor-widget-text-editor\" data-id=\"b52deaf\" data-element_type=\"widget\" data-widget_type=\"text-editor.default\">\n\t\t\t\t<div class=\"elementor-widget-container\">\n\t\t\t<style>\/*! elementor - v3.18.0 - 20-12-2023 *\/\n.elementor-widget-text-editor.elementor-drop-cap-view-stacked .elementor-drop-cap{background-color:#69727d;color:#fff}.elementor-widget-text-editor.elementor-drop-cap-view-framed .elementor-drop-cap{color:#69727d;border:3px solid;background-color:transparent}.elementor-widget-text-editor:not(.elementor-drop-cap-view-default) .elementor-drop-cap{margin-top:8px}.elementor-widget-text-editor:not(.elementor-drop-cap-view-default) .elementor-drop-cap-letter{width:1em;height:1em}.elementor-widget-text-editor .elementor-drop-cap{float:left;text-align:center;line-height:1;font-size:50px}.elementor-widget-text-editor .elementor-drop-cap-letter{display:inline-block}<\/style>\t\t\t\t<p>L'any 1982 en Rafa i la Maribel comencen el projecte d'El R\u00e0pid a Puigcerd\u00e0, especialitzant-se en la sabateria i el duplicat de claus.<br \/><br \/>Anys despr\u00e9s, el seu fill Edu, agafa el relleu i amplia els serveis introduint-se en m\u00e9s \u00e0mbits com la serralleria, la serralleria d'automoci\u00f3 o el duplicat de comandaments a dist\u00e0ncia.<br \/><br \/>Al R\u00e0pid, portem m\u00e9s de 30 anys oferint serveis professionals \u00fanics i de qualitat als clients de la comarca. Apostem pel tracte personal i el servei de proximitat, conscients de la import\u00e0ncia que t\u00e9 donar un servei de confian\u00e7a als nostres clients.<\/p>\t\t\t\t\t\t<\/div>\n\t\t\t\t<\/div>\n\t\t\t\t\t<\/div>\n\t\t<\/div>\n\t\t\t\t<div class=\"elementor-column elementor-col-50 elementor-inner-column elementor-element elementor-element-e94b6a2\" data-id=\"e94b6a2\" data-element_type=\"column\">\n\t\t\t<div class=\"elementor-widget-wrap elementor-element-populated\">\n\t\t\t\t\t\t\t\t<div class=\"elementor-element elementor-element-71b7e15 elementor-widget elementor-widget-image\" data-id=\"71b7e15\" data-element_type=\"widget\" data-widget_type=\"image.default\">\n\t\t\t\t<div class=\"elementor-widget-container\">\n\t\t\t<style>\/*! elementor - v3.18.0 - 20-12-2023 *\/\n.elementor-widget-image{text-align:center}.elementor-widget-image a{display:inline-block}.elementor-widget-image a img[src$=\".svg\"]{width:48px}.elementor-widget-image img{vertical-align:middle;display:inline-block}<\/style>\t\t\t\t\t\t\t\t\t\t\t\t<img fetchpriority=\"high\" decoding=\"async\" width=\"800\" height=\"601\" src=\"https:\/\/rapidpuigcerda.com\/wp-content\/uploads\/2023\/12\/1605606895-0-0-1024x769.webp\" class=\"attachment-large size-large wp-image-199\" alt=\"Qui\u00e9nes somos\" srcset=\"https:\/\/rapidpuigcerda.com\/wp-content\/uploads\/2023\/12\/1605606895-0-0-1024x769.webp 1024w, https:\/\/rapidpuigcerda.com\/wp-content\/uploads\/2023\/12\/1605606895-0-0-300x225.webp 300w, https:\/\/rapidpuigcerda.com\/wp-content\/uploads\/2023\/12\/1605606895-0-0-768x576.webp 768w, https:\/\/rapidpuigcerda.com\/wp-content\/uploads\/2023\/12\/1605606895-0-0-1536x1153.webp 1536w, https:\/\/rapidpuigcerda.com\/wp-content\/uploads\/2023\/12\/1605606895-0-0.webp 2000w\" sizes=\"(max-width: 800px) 100vw, 800px\" \/>\t\t\t\t\t\t\t\t\t\t\t\t\t\t\t<\/div>\n\t\t\t\t<\/div>\n\t\t\t\t\t<\/div>\n\t\t<\/div>\n\t\t\t\t\t\t\t<\/div>\n\t\t<\/section>\n\t\t\t\t\t<\/div>\n\t\t<\/div>\n\t\t\t\t\t\t\t<\/div>\n\t\t<\/section>\n\t\t\t\t\t\t\t<\/div>","protected":false},"excerpt":{"rendered":"<p>QUI\u00c9NES SOMOS? En 1982, Rafa i Maribel empiezan el proyecto de El R\u00e0pid en Puigcerd\u00e0, especializ\u00e1ndose en la zapater\u00eda i el duplicado de llaves. A\u00f1os m\u00e1s tarde, su hijo Edu, coge el relevo i amplia los servicios adentr\u00e1ndose en otros \u00e1mbitos como la cerrajer\u00eda, cerrajer\u00eda de automoci\u00f3n o el duplicado de mandos de garaje. En [&hellip;]<\/p>","protected":false},"author":1,"featured_media":0,"parent":0,"menu_order":0,"comment_status":"closed","ping_status":"closed","template":"","meta":{"footnotes":""},"class_list":["post-197","page","type-page","status-publish","hentry"],"aioseo_notices":[],"_links":{"self":[{"href":"https:\/\/rapidpuigcerda.com\/ca\/wp-json\/wp\/v2\/pages\/197","targetHints":{"allow":["GET"]}}],"collection":[{"href":"https:\/\/rapidpuigcerda.com\/ca\/wp-json\/wp\/v2\/pages"}],"about":[{"href":"https:\/\/rapidpuigcerda.com\/ca\/wp-json\/wp\/v2\/types\/page"}],"author":[{"embeddable":true,"href":"https:\/\/rapidpuigcerda.com\/ca\/wp-json\/wp\/v2\/users\/1"}],"replies":[{"embeddable":true,"href":"https:\/\/rapidpuigcerda.com\/ca\/wp-json\/wp\/v2\/comments?post=197"}],"version-history":[{"count":13,"href":"https:\/\/rapidpuigcerda.com\/ca\/wp-json\/wp\/v2\/pages\/197\/revisions"}],"predecessor-version":[{"id":211,"href":"https:\/\/rapidpuigcerda.com\/ca\/wp-json\/wp\/v2\/pages\/197\/revisions\/211"}],"wp:attachment":[{"href":"https:\/\/rapidpuigcerda.com\/ca\/wp-json\/wp\/v2\/media?parent=197"}],"curies":[{"name":"wp","href":"https:\/\/api.w.org\/{rel}","templated":true}]}}

<div data-elementor-type="wp-page" data-elementor-id="197" class="elementor elementor-197" data-elementor-post-type="page">
									<section class="elementor-section elementor-top-section elementor-element elementor-element-fc1d61a elementor-section-boxed elementor-section-height-default elementor-section-height-default" data-id="fc1d61a" data-element_type="section">
						<div class="elementor-container elementor-column-gap-default">
					<div class="elementor-column elementor-col-100 elementor-top-column elementor-element elementor-element-6289fc0" data-id="6289fc0" data-element_type="column">
			<div class="elementor-widget-wrap elementor-element-populated">
								<div class="elementor-element elementor-element-1882fb2 elementor-widget elementor-widget-heading" data-id="1882fb2" data-element_type="widget" data-widget_type="heading.default">
				<div class="elementor-widget-container">
			<style>/*! elementor - v3.18.0 - 20-12-2023 */
.elementor-heading-title{padding:0;margin:0;line-height:1}.elementor-widget-heading .elementor-heading-title[class*=elementor-size-]>a{color:inherit;font-size:inherit;line-height:inherit}.elementor-widget-heading .elementor-heading-title.elementor-size-small{font-size:15px}.elementor-widget-heading .elementor-heading-title.elementor-size-medium{font-size:19px}.elementor-widget-heading .elementor-heading-title.elementor-size-large{font-size:29px}.elementor-widget-heading .elementor-heading-title.elementor-size-xl{font-size:39px}.elementor-widget-heading .elementor-heading-title.elementor-size-xxl{font-size:59px}</style><h2 class="elementor-heading-title elementor-size-default">QUI SOM?
</h2>		</div>
				</div>
				<section class="elementor-section elementor-inner-section elementor-element elementor-element-6794d3e elementor-section-boxed elementor-section-height-default elementor-section-height-default" data-id="6794d3e" data-element_type="section">
						<div class="elementor-container elementor-column-gap-default">
					<div class="elementor-column elementor-col-50 elementor-inner-column elementor-element elementor-element-6fef2ef" data-id="6fef2ef" data-element_type="column">
			<div class="elementor-widget-wrap elementor-element-populated">
								<div class="elementor-element elementor-element-b52deaf elementor-widget elementor-widget-text-editor" data-id="b52deaf" data-element_type="widget" data-widget_type="text-editor.default">
				<div class="elementor-widget-container">
			<style>/*! elementor - v3.18.0 - 20-12-2023 */
.elementor-widget-text-editor.elementor-drop-cap-view-stacked .elementor-drop-cap{background-color:#69727d;color:#fff}.elementor-widget-text-editor.elementor-drop-cap-view-framed .elementor-drop-cap{color:#69727d;border:3px solid;background-color:transparent}.elementor-widget-text-editor:not(.elementor-drop-cap-view-default) .elementor-drop-cap{margin-top:8px}.elementor-widget-text-editor:not(.elementor-drop-cap-view-default) .elementor-drop-cap-letter{width:1em;height:1em}.elementor-widget-text-editor .elementor-drop-cap{float:left;text-align:center;line-height:1;font-size:50px}.elementor-widget-text-editor .elementor-drop-cap-letter{display:inline-block}</style>				<p>L'any 1982 en Rafa i la Maribel comencen el projecte d'El Ràpid a Puigcerdà, especialitzant-se en la sabateria i el duplicat de claus.<br /><br />Anys després, el seu fill Edu, agafa el relleu i amplia els serveis introduint-se en més àmbits com la serralleria, la serralleria d'automoció o el duplicat de comandaments a distància.<br /><br />Al Ràpid, portem més de 30 anys oferint serveis professionals únics i de qualitat als clients de la comarca. Apostem pel tracte personal i el servei de proximitat, conscients de la importància que té donar un servei de confiança als nostres clients.</p>						</div>
				</div>
					</div>
		</div>
				<div class="elementor-column elementor-col-50 elementor-inner-column elementor-element elementor-element-e94b6a2" data-id="e94b6a2" data-element_type="column">
			<div class="elementor-widget-wrap elementor-element-populated">
								<div class="elementor-element elementor-element-71b7e15 elementor-widget elementor-widget-image" data-id="71b7e15" data-element_type="widget" data-widget_type="image.default">
				<div class="elementor-widget-container">
			<style>/*! elementor - v3.18.0 - 20-12-2023 */
.elementor-widget-image{text-align:center}.elementor-widget-image a{display:inline-block}.elementor-widget-image a img[src$=".svg"]{width:48px}.elementor-widget-image img{vertical-align:middle;display:inline-block}</style>												<img fetchpriority="high" decoding="async" width="800" height="601" src="https://rapidpuigcerda.com/wp-content/uploads/2023/12/1605606895-0-0-1024x769.webp" class="attachment-large size-large wp-image-199" alt="Quiénes somos" srcset="https://rapidpuigcerda.com/wp-content/uploads/2023/12/1605606895-0-0-1024x769.webp 1024w, https://rapidpuigcerda.com/wp-content/uploads/2023/12/1605606895-0-0-300x225.webp 300w, https://rapidpuigcerda.com/wp-content/uploads/2023/12/1605606895-0-0-768x576.webp 768w, https://rapidpuigcerda.com/wp-content/uploads/2023/12/1605606895-0-0-1536x1153.webp 1536w, https://rapidpuigcerda.com/wp-content/uploads/2023/12/1605606895-0-0.webp 2000w" sizes="(max-width: 800px) 100vw, 800px" />															</div>
				</div>
					</div>
		</div>
							</div>
		</section>
					</div>
		</div>
							</div>
		</section>
							</div>

<p>QUIÉNES SOMOS? En 1982, Rafa i Maribel empiezan el proyecto de El Ràpid en Puigcerdà, especializándose en la zapatería i el duplicado de llaves. Años más tarde, su hijo Edu, coge el relevo i amplia los servicios adentrándose en otros ámbitos como la cerrajería, cerrajería de automoción o el duplicado de mandos de garaje. En [&hellip;]</p>
